 + z. List the prime factors of g.
2
Suppose -q = -2 - 3. Let r(h) = 2*h. What are the prime factors of r(q)?
2, 5
Suppose 3*j = -131 + 437. What are the prime factors of j?
2, 3, 17
Let j = 10 + -4. Suppose -3*l + c + j = -2*c, -5*l = 2*c - 17. List the prime factors of l.
3
Let w = -7 + 11. Let x be w + (3 - 2) - -2. Suppose g = -2*n - x + 27, 2*n = -3*g + 28. List the prime factors of n.
2
Let f = -19 - -5. List the prime factors of 642/42 + 4/f.
3, 5
Let l(v) = -8 + 0*v**2 + v**2 - v + v. Let s be l(0). Let i = 0 - s. List the prime factors of i.
2
Suppose 7*d - 519 - 895 = 0. List the prime factors of d.
2, 101
Let k be (3 + 10)*(-2)/(-2). Let i(o) = -o**3 + 8*o**2 + 3. Let l be i(8). Suppose -5*a - l*t = -0*a - 41, -3*a + 4*t = -k. List the prime factors of a.
7
Let w be 13/3 - 3/9. Suppose w*v = 74 + 6. List the prime factors of v.
2, 5
Let g = -22 + 3. Let u = g - -33. List the prime factors of u.
2, 7
Let m(r) = -r**2 - 9*r + 5. List the prime factors of m(-6).
23
Suppose -4*a = a - 10. Suppose -a*l = l - 6. Suppose 3*d - k + l*k - 28 = 0, 3*d = k + 20. List the prime factors of d.
2
Let n(o) = -5*o - 6. Let p be n(-5). Let b = p - 1. Suppose -b = -6*g + 5*g. List the prime factors of g.
2, 3
Let p(x) = -x**2 + 9*x + 10. Let n be p(10). Suppose n*u - 5*u = -2*y + 88, -192 = -4*y + 2*u. What are the prime factors of y?
7
Suppose 0 = -5*q + 12 + 3. What are the prime factors of 0 + q + 7 + -2?
2
Suppose -3*y - 2*y + 33 = 4*t, 0 = -t - 5*y + 27. Let x(s) = -s + 2. Let o be x(t). List the prime factors of 0 - -7 - o/(-3).
7
Let u(q) = 5*q**2 - 22*q + 14. What are the prime factors of u(6)?
2, 31
Let t(n) = 3*n**2 - 10*n - 6. Let j be t(5). Suppose 0 = k + k + 24. Let c = k + j. List the prime factors of c.
7
Let s(q) be the first derivative of -q**4/4 + 2*q**3 - q**2 - q - 1. What are the prime factors of s(5)?
2, 7
Suppose 0 = 5*u - 4*h + 33 - 141, -4*h = -3*u + 68. Suppose 0 = 6*w - w + u. What are the prime factors of (15/(-6))/(2/w)?
5
Suppose 0 = 3*h + o - 7 - 30, 15 = h - o. What are the prime factors of h?
13
Suppose -2*m + 222 = -k, 0 = -4*k - 5*m - 0*m - 901. Let l be (-2)/(-9) + k/36. List the prime factors of l/15 - (-44)/10.
2
Let t(y) = y - 3*y**2 - y**2 + 2*y + 0*y**2 + 36. Let o(f) = -3*f**2 + 2*f + 24. Let s(q) = -7*o(q) + 5*t(q). List the prime factors of s(0).
2, 3
Suppose 0 = 5*u + 2*d - 0*d - 21, -3*u + 2*d = -3. Suppose 36 = 2*o - u*k - 26, 2*k = 2*o - 60. List the prime factors of o.
2, 7
Let h(j) = j**2 + 7*j - 21. Let u be h(-15). Let c = u - 55. List the prime factors of c.
2, 11
Let p(w) be the first derivative of 4*w**3/3 - 2*w**2 + 13*w - 2. Let y(k) = -k**2 - 1. Let i(g) = -p(g) - 5*y(g). What are the prime factors of i(-6)?
2
Let n(s) be the third derivative of -s**5/60 - 3*s**4/8 - s**3/2 - 4*s**2. What are the prime factors of n(-6)?
3, 5
Let f be 4*((-2295)/(-4))/9. Suppose 0*k + f = 5*k. What are the prime factors of k?
3, 17
Suppose -4*l + 4*m = -0*l - 132, 159 = 5*l - 2*m. List the prime factors of l.
31
Let d = 34 - -46. List the prime factors of d.
2, 5
Suppose 4*v = 10*v - 1746. List the prime factors of v.
3, 97
Let i be -2 + (41 - 9/3). Suppose 5*b = -o + 29, 7*b + 4*o - i = 3*b. List the prime factors of b.
5
Let w(u) = u**3 + 5*u**2 - 5*u + 3. Let o be w(-6). Let l = o - -8. Let s(p) = p**3 - 6*p**2 + 6*p + 2. What are the prime factors of s(l)?
7
What are the prime factors of 59*(-4)/12*(-1 + -2)?
59
Let p be (-1)/(-2) - 5/(-2). Suppose 57 = p*r - 5*c, 2*r - 3*c + 19 = 4*r. List the prime factors of r.
2, 7
Suppose -26 = 2*p - 4*p. List the prime factors of p/2 - (-1)/2.
7
Suppose 0 = d - 10 - 32. What are the prime factors of d?
2, 3, 7
Let v = 13 - 25. Let i = v - -43. List the prime factors of i.
31
Suppose 210 = -4*j - b + 871, 665 = 4*j + 5*b. List the prime factors of j.
3, 5, 11
Suppose -114 = -8*g + 5*g. List the prime factors of g.
2, 19
Suppose 443 = 7*c - 152. What are the prime factors of c?
5, 17
Let f(q) = q**3 - 3*q**2 - 2*q + 1. List the prime factors of f(4).
3
Let d = -34 - -70. What are the prime factors of d?
2, 3
Let g = 100 + -69. List the prime factors of g.
31
Let d be (-104)/(-10) + (-3)/(-5). Let o(b) = -b**3 + 10*b**2 + 14*b - 13. List the prime factors of o(d).
2, 5
Let s = -12 + 30. What are the prime factors of s?
2, 3
Suppose -163 = -2*x - 5*j, 3*x - 74 = -j + 151. List the prime factors of x.
2, 37
Let f = 25 + 6. What are the prime factors of f?
31
Let s = -29 - -81. Suppose -s = -5*a + a. List the prime factors of a.
13
Suppose -5*k = 5, 5*k - 129 = 2*b - 4*b. List the prime factors of b.
67
Let a(n) = -n + 7. Let d be a(6). Suppose -d = 5*h + 4. List the prime factors of 32/10 - h/(-5).
3
List the prime factors of 78*(-3 + 18/4).
3, 13
Suppose -x + 196 = 3*i - 57, 0 = -5*i - 5*x + 415. What are the prime factors of i?
5, 17
Let u = -21 - -57. Let f = u + -20. What are the prime factors of f?
2
Let h(u) = 3*u - 3*u + 2 - 2*u**2 - 3*u. Let d(y) = -y**2 - 4*y + 3. Let p(s) = 3*d(s) - 4*h(s). List the prime factors of p(-1).
2, 3
List the prime factors of (-4)/6 - (-40)/15.
2
Let j(f) = f**2 - 3*f - 2. Let u be j(4). Suppose -12 = -w - u*w. List the prime factors of (0 - 2) + w/1.
2
Suppose 4*i - 6*i = 0. Suppose -3*b - 4 = -3*l + 11, i = -3*l - 5*b + 31. What are the prime factors of l?
7
Suppose 3*b - 789 = -5*d + 5, 0 = -3*b + 9. List the prime factors of d.
157
Suppose 0 = -4*l - 0*l. Suppose -d + l*d + 5*w - 21 = 0, 0 = -5*d - 3*w + 35. What are the prime factors of d?
2
Let p = 0 - 3. What are the prime factors of p - (-4)/((-8)/(-14))?
2
Let r = -1 - -11. List the prime factors of (216/(-60))/((-4)/r).
3
Let t = 1046 + -605. What are the prime factors of t?
3, 7
Let w be 4 + -3 - (1 + 1). Let t = w - 0. What are the prime factors of (-4)/(t - 5/(-7))?
2, 7
Let t be (2 - 4 - -4)*2. Suppose 0*g - t = -2*g. Suppose 2*w + g*w = 32. List the prime factors of w.
2
Let f(s) = 5*s - 2. Let b be f(1). Let h be (-60)/(-14) + 2/(-7). Let l = h + b. List the prime factors of l.
7
Let p = 7 - 3. Suppose -i = i - p. Suppose 2*r - 4*u - 30 = 0, -5*r - 6 + 65 = -i*u. List the prime factors of r.
11
Let k(z) = 45*z - 93. List the prime factors of k(9).
2, 3, 13
Let i(h) = -h**2 - 23*h + 8. List the prime factors of i(-13).
2, 3, 23
Let z(f) = -f - 10*f + 9*f + 4. Let o be z(4). What are the prime factors of 1/(((-2)/o)/1)?
2
Let v be 8 - (1/(-1) + 0). Suppose g - k = v, -2*k = 5*g - 3*k - 29. Suppose i - 12 = -5*z, g*i + 0*i + z = 60. What are the prime factors of i?
2, 3
Let g(x) = -5*x**3 + x**2 - 1. List the prime factors of g(-2).
43
Suppose 4*b = -2*h + 672, 2*h + 3*h + 4*b - 1650 = 0. List the prime factors of h.
2, 163
Let u(m) = m**2 + 7*m - 17. Let l be u(-13). Let s = l + -35. What are the prime factors of s?
2, 13
Let r be (-2 - 1)*(-1)/(-3). What are the prime factors of (-6)/((-3)/(-3)*r)?
2, 3
What are the prime factors of (3 + 123/(-12))*-4?
29
Suppose -3*b + 0*b = -75. List the prime factors of b.
5
Let z(t) = -t - 5. Let b be z(-3). List the prime factors of (b + -1 - 2)*-5.
5
Let j = 21 - -66. What are the prime factors of j?
3, 29
Let l = -3 - -6. Suppose -4*x = -2*n - 16, -5*x + 5 + 15 = -l*n. List the prime factors of x.
2
Let f = 54 + 1. List the prime factors of f.
5, 11
Let c(g) = g**2 + 2. Let k be c(-4). Let f = k - 10. Suppose -3*o - 55 = -f*o. What are the prime factors of o?
11
Let p = -73 - -111. What are the prime factors of p?
2, 19
Let o(y) = y**3 - 11*y**2 + 18*y - 27. What are the prime factors of o(12)?
3, 37
Let q(p) = -p - 1. Let z be q(-3). What are the prime factors of 8 - (z - (0 + 2))?
2
What are the prime factors of 29 + 8*3/6?
3, 11
Let k(x) = -x**3 - 3*x**2 - x + 4. Let i be k(-3). Suppose -h + 39 = -5*c + i, -4*h - 2*c = -18. List the prime factors of h.
7
Suppose -283 = -3*k - 46. Let m = -24 + k. Suppose -10 = -5*l + m. What are the prime factors of l?
13
Suppose -p + 216 = 5*p. List the prime factors of p.
2, 3
Let y(i) = -i**3 - 3*i**2 - 3*i + 2. List the prime factors of y(-4).
2, 3, 5
Let u(z) = -z**2 + 24*z - 27. List the prime factors of u(19).
2, 17
Let o(t) = t**2 - 3*t + 4. Let w be (2/2)/((-2)/(-6)). Suppose n = w + 1. What are the prime factors of o(n)?
2
Let n = -19 - -27. What are the prime factors of n?
2
Sup